{"id":2612,"date":"2022-01-30T21:12:36","date_gmt":"2022-01-30T20:12:36","guid":{"rendered":"https:\/\/sitsh.fr\/wordpress\/?page_id=2612"},"modified":"2022-02-07T00:26:10","modified_gmt":"2022-02-06T23:26:10","slug":"support","status":"publish","type":"page","link":"https:\/\/wdssecurity.fr\/?page_id=2612","title":{"rendered":"Support"},"content":{"rendered":"<p>[vc_section full_width=\u00a0\u00bbstretch_row_content\u00a0\u00bb css=\u00a0\u00bb.vc_custom_1643577709445{background-color: rgba(0,0,0,0.96) !important;*background-color: rgb(0,0,0) !important;}\u00a0\u00bb][vc_row][vc_column width=\u00a0\u00bb1\/2&Prime; css=\u00a0\u00bb.vc_custom_1643577977006{background-position: 0 0 !important;background-repeat: no-repeat !important;}\u00a0\u00bb][vc_single_image image=\u00a0\u00bb2619&Prime; img_size=\u00a0\u00bbfull\u00a0\u00bb][\/vc_column][vc_column width=\u00a0\u00bb1\/2&Prime;][vc_custom_heading text=\u00a0\u00bbOrdinateur qui rame\u00a0\u00bb font_container=\u00a0\u00bbtag:h2|text_align:center|color:%23ffffff\u00a0\u00bb google_fonts=\u00a0\u00bbfont_family:Roboto%3A100%2C100italic%2C300%2C300italic%2Cregular%2Citalic%2C500%2C500italic%2C700%2C700italic%2C900%2C900italic|font_style:400%20regular%3A400%3Anormal\u00a0\u00bb][vc_column_text]<\/p>\n<p class=\"mid_text wow fadeInUp\" style=\"text-align: left;\" data-wow-duration=\"1s\" data-wow-delay=\".1s\">Lorsque que l\u2019on utilise un Pc une des principales causes d\u2019agacement est bien sa lenteur. Un ordinateur lent ou qui se fige n\u2019est pas id\u00e9al si vous essayez d\u2019\u00eatre productif.<\/p>\n<p>[\/vc_column_text][vc_column_text]<\/p>\n<p class=\"mid_text wow fadeInUp\" data-wow-duration=\"1s\" data-wow-delay=\".1s\">Les causes de ces ralentissements peuvent \u00eatre diverses et vari\u00e9es, elles peuvent \u00eatre provoqu\u00e9es par un probl\u00e8me du syst\u00e8me ou un probl\u00e8me mat\u00e9riel.<\/p>\n<p>[\/vc_column_text][vc_column_text]<\/p>\n<p class=\"mid_text wow fadeInUp\" data-wow-duration=\"1s\" data-wow-delay=\".1s\">Ces disfonctionnements peuvent \u00eatre r\u00e9solus \u00e0 distances et nous remettons votre ordinateur dans l\u2019\u00e9tat de marche qu\u2019il \u00e9tait lorsque vous avez achet\u00e9.<\/p>\n<p>[\/vc_column_text][vc_btn title=\u00a0\u00bbTarif\u00a0\u00bb shape=\u00a0\u00bbround\u00a0\u00bb color=\u00a0\u00bbpeacoc\u00a0\u00bb size=\u00a0\u00bblg\u00a0\u00bb link=\u00a0\u00bburl:%2Ftarifs|||\u00a0\u00bb][\/vc_column][\/vc_row][\/vc_section][vc_section][vc_row][vc_column width=\u00a0\u00bb1\/2&Prime; el_class=\u00a0\u00bbbloc\u00a0\u00bb][vc_single_image image=\u00a0\u00bb2624&Prime; alignment=\u00a0\u00bbcenter\u00a0\u00bb][vc_column_text]<\/p>\n<h3 style=\"text-align: center;\">Les solutions que nous appliquons<\/h3>\n<p style=\"text-align: center;\">Diagnostic de la configurationAnalyses compl\u00e8te du syst\u00e8meTest des composants de l\u2019ordinateurNous vous proposerons toujours la meilleure et la moins on\u00e9reuse des solutions de r\u00e9paration informatiqueNous vous gratifions de conseils pour ne pas que le probl\u00e8me se reproduise.L\u2019assurance que votre ordinateur sera d\u00e9pann\u00e9 dans un d\u00e9lai de 2h \u00e0 4h apr\u00e8s votre appel.Une garantie sur le travail que nous effectuons.<\/p>\n<p>[\/vc_column_text][\/vc_column][vc_column width=\u00a0\u00bb1\/2&Prime; el_class=\u00a0\u00bbbloc\u00a0\u00bb][vc_single_image image=\u00a0\u00bb2625&Prime; alignment=\u00a0\u00bbcenter\u00a0\u00bb][vc_column_text]<\/p>\n<h3 style=\"text-align: center;\">Plusieurs causes justifient le ralentissement d\u2019un ordinateur<\/h3>\n<p style=\"text-align: center;\">Infection des Malwares, Trojans ou autres virusDisque dur endommag\u00e9Probl\u00e8mes de M\u00e9moire viveSyst\u00e8me d\u2019exploitation corrompuProcesseur en surchauffeCapacit\u00e9 de stockage des donn\u00e9es insuffisanteRegistre de Windows corrompuFichiers syst\u00e8me endommag\u00e9s.<\/p>\n<p>[\/vc_column_text][\/vc_column][\/vc_row][vc_row][vc_column width=\u00a0\u00bb1\/2&Prime; el_class=\u00a0\u00bbbloc\u00a0\u00bb][vc_custom_heading text=\u00a0\u00bb\u00c9radication des virus \u00e0 distance\u00a0\u00bb font_container=\u00a0\u00bbtag:h3|text_align:center\u00a0\u00bb google_fonts=\u00a0\u00bbfont_family:Roboto%3A100%2C100italic%2C300%2C300italic%2Cregular%2Citalic%2C500%2C500italic%2C700%2C700italic%2C900%2C900italic|font_style:400%20regular%3A400%3Anormal\u00a0\u00bb][vc_single_image image=\u00a0\u00bb2626&Prime; img_size=\u00a0\u00bbmedium\u00a0\u00bb alignment=\u00a0\u00bbcenter\u00a0\u00bb][vc_column_text]<\/p>\n<div class=\"col-xl-6 col-md-6\">\n<div class=\"single_service text-center wow fadeInRight\" data-wow-duration=\"1.4s\" data-wow-delay=\".4s\">\n<p style=\"text-align: center;\">Les probl\u00e8mes d\u2019ordinateurs infect\u00e9s repr\u00e9sentent plus de 60% de nos interventions. Virus \u00e9tant employ\u00e9 en terme g\u00e9n\u00e9ral il existe cependant plusieurs types d\u2019infection de votre syst\u00e8me informatique. Que ce soit des Malwares, Trojans, Spywares, Ransonwares et autres logiciels malveillants, nos connaissances et habitude nous permette de vous garantir l\u2019\u00e9radication totale de ces intrusions du syst\u00e8me de votre ordinateur. La dur\u00e9e de l\u2019op\u00e9ration variera en fonction de votre configuration, du degr\u00e9 d\u2019infection, de la vitesse de votre ordinateur et de la quantit\u00e9 de donn\u00e9es qu\u2019il contient. L\u2019op\u00e9ration prend en g\u00e9n\u00e9ral entre 1h et 3h et les temps d\u2019analyses ne sont pas factur\u00e9s.<\/p>\n<\/div>\n<\/div>\n<div class=\"col-xl-6 col-md-6\">\n<div class=\"single_service text-center wow fadeInLeft\" data-wow-duration=\"1.6s\" data-wow-delay=\".5s\"><\/div>\n<\/div>\n<p>[\/vc_column_text][\/vc_column][vc_column width=\u00a0\u00bb1\/2&Prime; el_class=\u00a0\u00bbbloc\u00a0\u00bb][vc_custom_heading text=\u00a0\u00bbAssistance pour vos adresses emails\u00a0\u00bb font_container=\u00a0\u00bbtag:h3|text_align:center\u00a0\u00bb google_fonts=\u00a0\u00bbfont_family:Roboto%3A100%2C100italic%2C300%2C300italic%2Cregular%2Citalic%2C500%2C500italic%2C700%2C700italic%2C900%2C900italic|font_style:400%20regular%3A400%3Anormal\u00a0\u00bb][vc_single_image image=\u00a0\u00bb2812&Prime; img_size=\u00a0\u00bb200&#215;210&Prime; alignment=\u00a0\u00bbcenter\u00a0\u00bb][vc_column_text]<\/p>\n<div class=\"service_area\">\n<div class=\"container\">\n<div class=\"row\">\n<div class=\"col-xl-6 col-md-6\">\n<div class=\"single_service text-center wow fadeInLeft\" data-wow-duration=\"1.6s\" data-wow-delay=\".5s\">\n<p style=\"text-align: center;\">De nos jours l\u2019utilisation des courriers ou emails est devenu incontournable. Il existe de multiples solutions pour utiliser cet outil et les modes de pr\u00e9cautions sont souvent diff\u00e9rents. Confiez-nous vos probl\u00e8mes d\u2019e-mails, cr\u00e9ation, organisation ou sauvegardes, nous avons toutes les comp\u00e9tences pour les r\u00e9soudre quel que soit votre fournisseur d\u2019acc\u00e8s pour vous apporter les meilleurs conseils informatiques.<\/p>\n<\/div>\n<\/div>\n<\/div>\n<\/div>\n<\/div>\n<div class=\"service_area\">\n<div class=\"container\">\n<div class=\"row justify-content-center\">\n<div class=\"col-lg-10\">\n<div class=\"section_title text-center mb-70\" style=\"text-align: center;\"><\/div>\n<\/div>\n<\/div>\n<\/div>\n<\/div>\n<p>[\/vc_column_text][\/vc_column][\/vc_row][vc_row full_width=\u00a0\u00bbstretch_row_content\u00a0\u00bb css=\u00a0\u00bb.vc_custom_1643578372098{padding-right: 50px !important;padding-left: 50px !important;}\u00a0\u00bb][vc_column][vc_custom_heading text=\u00a0\u00bbLa sauvegarde de vos emails et contacts\u00a0\u00bb font_container=\u00a0\u00bbtag:h2|text_align:center\u00a0\u00bb google_fonts=\u00a0\u00bbfont_family:Roboto%3A100%2C100italic%2C300%2C300italic%2Cregular%2Citalic%2C500%2C500italic%2C700%2C700italic%2C900%2C900italic|font_style:400%20regular%3A400%3Anormal\u00a0\u00bb][vc_column_text]<\/p>\n<p class=\"wow fadeInUp\" data-wow-duration=\"1.2s\" data-wow-delay=\".2s\">La sauvegarde de vos courriers et contacts n\u2019est pas une chose \u00e0 prendre \u00e0 la l\u00e9g\u00e8re.<\/p>\n<p class=\"wow fadeInUp\" data-wow-duration=\"1.2s\" data-wow-delay=\".2s\">Bien souvent les utilisateurs les plus prudents sauvegardent leur donn\u00e9es personnelles mais croient que les mails seront sauvegard\u00e9s , et ce , peut \u00eatre une grosse erreur. Vous devez vous poser un ensemble de questions pour savoir si vous pourrez r\u00e9cup\u00e9rer vos messages. Comment recevoir et envoyez vos messages ? Vos messages et contacts sont-ils enregistr\u00e9s dans l\u2019ordinateur ou sur le serveur du FAI (fournisseur d\u2019acc\u00e8s internet) ? Utilisez-vous un serveur de courriers ou consultez-vous vos mails directement par le serveur de votre FAI ? Que se passe t\u2019il si vous changez de FAI ? Avez vous bien not\u00e9 vos mots de passe de messageries ? Savez-vous dans votre ordinateur o\u00f9 sont stock\u00e9es vos boites de r\u00e9ceptions, contacts, emails envoy\u00e9s, dossiers et sous-dossiers ? Vos protocoles d\u2019envois et d\u2019emissions des courriers sont-ils adapt\u00e9s \u00e0 vos besoins ?<\/p>\n<p>[\/vc_column_text][\/vc_column][\/vc_row][vc_row][vc_column][vc_row_inner][vc_column_inner][vc_custom_heading text=\u00a0\u00bbProbl\u00e8mes emails que nous solutionnons\u00a0\u00bb font_container=\u00a0\u00bbtag:h2|text_align:center\u00a0\u00bb google_fonts=\u00a0\u00bbfont_family:Roboto%3A100%2C100italic%2C300%2C300italic%2Cregular%2Citalic%2C500%2C500italic%2C700%2C700italic%2C900%2C900italic|font_style:400%20regular%3A400%3Anormal\u00a0\u00bb][\/vc_column_inner][\/vc_row_inner][vc_row_inner][vc_column_inner width=\u00a0\u00bb1\/6&Prime;][\/vc_column_inner][vc_column_inner width=\u00a0\u00bb2\/6&Prime;][vc_column_text]<\/p>\n<ul class=\"elementor-icon-list-items\">\n<li class=\"elementor-icon-list-item\"><span class=\"elementor-icon-list-text\">Mots de passe perdus<\/span><\/li>\n<li class=\"elementor-icon-list-item\"><span class=\"elementor-icon-list-text\">Connexion Internet lente<\/span><\/li>\n<li class=\"elementor-icon-list-item\"><span class=\"elementor-icon-list-text\">Envois\/R\u00e9ceptions d\u2019email infonctionnels<\/span><\/li>\n<li class=\"elementor-icon-list-item\"><span class=\"elementor-icon-list-text\">Cr\u00e9ation de nouveaux comptes emails<\/span><\/li>\n<\/ul>\n<p>[\/vc_column_text][\/vc_column_inner][vc_column_inner width=\u00a0\u00bb2\/6&Prime;][vc_column_text]<\/p>\n<ul class=\"elementor-icon-list-items\">\n<li class=\"elementor-icon-list-item\"><span class=\"elementor-icon-list-text\">Redirection d\u2019emails<\/span><\/li>\n<li class=\"elementor-icon-list-item\"><span class=\"elementor-icon-list-text\">Comptes emails ne s\u2019ouvrent plus<\/span><\/li>\n<li class=\"elementor-icon-list-item\"><span class=\"elementor-icon-list-text\">R\u00e9cup\u00e9ration des contacts<\/span><\/li>\n<li class=\"elementor-icon-list-item\"><span class=\"elementor-icon-list-text\">Comptes emails pollu\u00e9s par les spams<\/span><\/li>\n<\/ul>\n<p>[\/vc_column_text][\/vc_column_inner][vc_column_inner width=\u00a0\u00bb1\/6&Prime;][\/vc_column_inner][\/vc_row_inner][\/vc_column][\/vc_row][vc_row css=\u00a0\u00bb.vc_custom_1643578542358{padding-left: 50px !important;}\u00a0\u00bb][vc_column][vc_column_text]<\/p>\n<div class=\"service_area\">\n<h3 class=\"wow fadeInUp\" style=\"text-align: center;\" data-wow-duration=\"1.2s\" data-wow-delay=\".2s\">Probl\u00e8mes d\u2019imprimante<\/h3>\n<div class=\"container\">\n<div class=\"row justify-content-center\">\n<div class=\"col-md-12 col-lg-12\">\n<h2>Votre imprimante ne se lance plus ? Une imprimante \u00e0 installer ?<\/h2>\n<p>Vous ne r\u00e9ussissez plus \u00e0 imprimer ?<\/p>\n<p>La connexion entre votre imprimante et votre ordinateur ne se fait plus ?<\/p>\n<p>Vous voulez installer une imprimante neuve ?<\/p>\n<p>vous ne trouvez pas le pilote de votre imprimante ?<\/p>\n<p>Impossible de num\u00e9riser le scanner ne se lance plus ?<\/p>\n<p>Pour r\u00e9soudre vos probl\u00e8mes d\u2019impression notre service de d\u00e9pannage imprimante vous apportera toutes les solutions de communication entre votre ordinateur et l\u2019imprimante.<\/p><\/div>\n<\/div>\n<\/div>\n<\/div>\n<div class=\"service_area\">\n<h3 class=\"wow fadeInUp\" data-wow-duration=\"1.2s\" data-wow-delay=\".2s\">Les diff\u00e9rentes causes<\/h3>\n<\/div>\n<p>[\/vc_column_text][\/vc_column][\/vc_row][\/vc_section][vc_row css=\u00a0\u00bb.vc_custom_1643578735040{padding-right: 50px !important;padding-left: 50px !important;}\u00a0\u00bb][vc_column][vc_single_image image=\u00a0\u00bb2627&Prime; alignment=\u00a0\u00bbcenter\u00a0\u00bb][vc_column_text]<\/p>\n<h3>Solutions pour la perte de donn\u00e9es<\/h3>\n<h4>L\u2019assistance informatique \u00e0 distance permet \u00e9galement de retrouver vos donn\u00e9es num\u00e9riques perdues.<\/h4>\n<p>Qu\u2019est-ce que la perte de donn\u00e9es ? : Un des \u00e9l\u00e9ments suivant caract\u00e9rise une perte de donn\u00e9es : Acc\u00e8s aux donn\u00e9es d\u2019un support informatique ou d\u2019une sauvegarde impossible Fichiers corrompus ou innaccessibles d\u00f9 \u00e0 un disfonctionnement d\u2019un disque dur, carte SSD, cl\u00e9 USB ou autres cartes m\u00e9moire , Fichiers supprim\u00e9s ou \u00e9cras\u00e9s accidentellement, formatage par erreur, mise de fichier \u00e0 la corbeille\u2026 Un virus peut \u00e9galement provoquer la perte de donn\u00e9es, des mises \u00e0 jour de logiciels ou du syst\u00e8me ayant \u00e9chou\u00e9s peuvent en \u00eatre la cause \u2026<\/p>\n<p>Disque dur hors service : nous pouvons souvent retrouver vos donn\u00e9es lorsque votre disque dur est hors service. Pour ces situations parfois catastrophiques, nos techniques de r\u00e9cup\u00e9ration nous permettent de retrouver vos dossiers et fichiers. Pour les cas les plus critiques n\u00e9cessitant une intervention en salle blanche nous pouvons vous orienter.<\/p>\n<h3>Les diff\u00e9rentes causes de perte de donn\u00e9es<\/h3>\n<p>Pannes physiques ou logiques Choc de l\u2019ordinateur entrainant une casse m\u00e9canique du support des donn\u00e9es.Crash de la t\u00eate de lecture, moteur du disque dur endommag\u00e9 ou d\u00e9formation du disque. Disques et partitions innaccessibles , Fichiers de donn\u00e9es corrompues , Plantage du disque dur, carte m\u00e9moire ou cl\u00e9 USB , Pr\u00e9sence de virus , dommage d\u00fb aux liquides , Donn\u00e9es supprim\u00e9es accidentellemnt , Reformatage accidentel des partitions , Probl\u00e8mes logiques du disque, r\u00e9allocation ou autres , Structure des fichiers corrompus, tables de partitions d\u00e9fectueuses, perte d\u2019une partition du disque dur \u2026[\/vc_column_text][\/vc_column][\/vc_row]<\/p>\n","protected":false},"excerpt":{"rendered":"<p>[vc_section full_width=\u00a0\u00bbstretch_row_content\u00a0\u00bb css=\u00a0\u00bb.vc_custom_1643577709445{background-color: rgba(0,0,0,0.96) !important;*background-color: rgb(0,0,0) !important;}\u00a0\u00bb][vc_row][vc_column width=\u00a0\u00bb1\/2&Prime; css=\u00a0\u00bb.vc_custom_1643577977006{background-position: 0 0 !important;background-repeat: no-repeat !important;}\u00a0\u00bb][vc_single_image image=\u00a0\u00bb2619&Prime; img_size=\u00a0\u00bbfull\u00a0\u00bb][\/vc_column][vc_column width=\u00a0\u00bb1\/2&Prime;][vc_custom_heading text=\u00a0\u00bbOrdinateur qui rame\u00a0\u00bb font_container=\u00a0\u00bbtag:h2|text_align:center|color:%23ffffff\u00a0\u00bb google_fonts=\u00a0\u00bbfont_family:Roboto%3A100%2C100italic%2C300%2C300italic%2Cregular%2Citalic%2C500%2C500italic%2C700%2C700italic%2C900%2C900italic|font_style:400%20regular%3A400%3Anormal\u00a0\u00bb][vc_column_text] Lorsque que l\u2019on [&hellip;]<\/p>\n","protected":false},"author":1,"featured_media":0,"parent":0,"menu_order":0,"comment_status":"closed","ping_status":"closed","template":"redux-templates_contained","meta":{"footnotes":""},"class_list":["post-2612","page","type-page","status-publish","hentry"],"yoast_head":"<!-- This site is optimized with the Yoast SEO plugin v26.9 - https:\/\/yoast.com\/product\/yoast-seo-wordpress\/ -->\n<title>Support - WDS Security<\/title>\n<meta name=\"robots\" content=\"index, follow, max-snippet:-1, max-image-preview:large, max-video-preview:-1\" \/>\n<link rel=\"canonical\" href=\"https:\/\/wdssecurity.fr\/?page_id=2612\" \/>\n<meta property=\"og:locale\" content=\"fr_FR\" \/>\n<meta property=\"og:type\" content=\"article\" \/>\n<meta property=\"og:title\" content=\"Support - WDS Security\" \/>\n<meta property=\"og:description\" content=\"[vc_section full_width=\u00a0\u00bbstretch_row_content\u00a0\u00bb css=\u00a0\u00bb.vc_custom_1643577709445{background-color: rgba(0,0,0,0.96) !important;*background-color: rgb(0,0,0) !important;}\u00a0\u00bb][vc_row][vc_column width=\u00a0\u00bb1\/2&Prime; css=\u00a0\u00bb.vc_custom_1643577977006{background-position: 0 0 !important;background-repeat: no-repeat !important;}\u00a0\u00bb][vc_single_image image=\u00a0\u00bb2619&Prime; img_size=\u00a0\u00bbfull\u00a0\u00bb][\/vc_column][vc_column width=\u00a0\u00bb1\/2&Prime;][vc_custom_heading text=\u00a0\u00bbOrdinateur qui rame\u00a0\u00bb font_container=\u00a0\u00bbtag:h2|text_align:center|color:%23ffffff\u00a0\u00bb google_fonts=\u00a0\u00bbfont_family:Roboto%3A100%2C100italic%2C300%2C300italic%2Cregular%2Citalic%2C500%2C500italic%2C700%2C700italic%2C900%2C900italic|font_style:400%20regular%3A400%3Anormal\u00a0\u00bb][vc_column_text] Lorsque que l\u2019on [&hellip;]\" \/>\n<meta property=\"og:url\" content=\"https:\/\/wdssecurity.fr\/?page_id=2612\" \/>\n<meta property=\"og:site_name\" content=\"WDS Security\" \/>\n<meta property=\"article:modified_time\" content=\"2022-02-06T23:26:10+00:00\" \/>\n<meta name=\"twitter:card\" content=\"summary_large_image\" \/>\n<meta name=\"twitter:label1\" content=\"Dur\u00e9e de lecture estim\u00e9e\" \/>\n\t<meta name=\"twitter:data1\" content=\"7 minutes\" \/>\n<script type=\"application\/ld+json\" class=\"yoast-schema-graph\">{\"@context\":\"https:\/\/schema.org\",\"@graph\":[{\"@type\":\"WebPage\",\"@id\":\"https:\/\/wdssecurity.fr\/?page_id=2612\",\"url\":\"https:\/\/wdssecurity.fr\/?page_id=2612\",\"name\":\"Support - WDS Security\",\"isPartOf\":{\"@id\":\"https:\/\/wdssecurity.fr\/#website\"},\"datePublished\":\"2022-01-30T20:12:36+00:00\",\"dateModified\":\"2022-02-06T23:26:10+00:00\",\"breadcrumb\":{\"@id\":\"https:\/\/wdssecurity.fr\/?page_id=2612#breadcrumb\"},\"inLanguage\":\"fr-FR\",\"potentialAction\":[{\"@type\":\"ReadAction\",\"target\":[\"https:\/\/wdssecurity.fr\/?page_id=2612\"]}]},{\"@type\":\"BreadcrumbList\",\"@id\":\"https:\/\/wdssecurity.fr\/?page_id=2612#breadcrumb\",\"itemListElement\":[{\"@type\":\"ListItem\",\"position\":1,\"name\":\"Accueil\",\"item\":\"https:\/\/wdssecurity.fr\/\"},{\"@type\":\"ListItem\",\"position\":2,\"name\":\"Support\"}]},{\"@type\":\"WebSite\",\"@id\":\"https:\/\/wdssecurity.fr\/#website\",\"url\":\"https:\/\/wdssecurity.fr\/\",\"name\":\"WDS Security\",\"description\":\"\",\"potentialAction\":[{\"@type\":\"SearchAction\",\"target\":{\"@type\":\"EntryPoint\",\"urlTemplate\":\"https:\/\/wdssecurity.fr\/?s={search_term_string}\"},\"query-input\":{\"@type\":\"PropertyValueSpecification\",\"valueRequired\":true,\"valueName\":\"search_term_string\"}}],\"inLanguage\":\"fr-FR\"}]}<\/script>\n<!-- \/ Yoast SEO plugin. -->","yoast_head_json":{"title":"Support - WDS Security","robots":{"index":"index","follow":"follow","max-snippet":"max-snippet:-1","max-image-preview":"max-image-preview:large","max-video-preview":"max-video-preview:-1"},"canonical":"https:\/\/wdssecurity.fr\/?page_id=2612","og_locale":"fr_FR","og_type":"article","og_title":"Support - WDS Security","og_description":"[vc_section full_width=\u00a0\u00bbstretch_row_content\u00a0\u00bb css=\u00a0\u00bb.vc_custom_1643577709445{background-color: rgba(0,0,0,0.96) !important;*background-color: rgb(0,0,0) !important;}\u00a0\u00bb][vc_row][vc_column width=\u00a0\u00bb1\/2&Prime; css=\u00a0\u00bb.vc_custom_1643577977006{background-position: 0 0 !important;background-repeat: no-repeat !important;}\u00a0\u00bb][vc_single_image image=\u00a0\u00bb2619&Prime; img_size=\u00a0\u00bbfull\u00a0\u00bb][\/vc_column][vc_column width=\u00a0\u00bb1\/2&Prime;][vc_custom_heading text=\u00a0\u00bbOrdinateur qui rame\u00a0\u00bb font_container=\u00a0\u00bbtag:h2|text_align:center|color:%23ffffff\u00a0\u00bb google_fonts=\u00a0\u00bbfont_family:Roboto%3A100%2C100italic%2C300%2C300italic%2Cregular%2Citalic%2C500%2C500italic%2C700%2C700italic%2C900%2C900italic|font_style:400%20regular%3A400%3Anormal\u00a0\u00bb][vc_column_text] Lorsque que l\u2019on [&hellip;]","og_url":"https:\/\/wdssecurity.fr\/?page_id=2612","og_site_name":"WDS Security","article_modified_time":"2022-02-06T23:26:10+00:00","twitter_card":"summary_large_image","twitter_misc":{"Dur\u00e9e de lecture estim\u00e9e":"7 minutes"},"schema":{"@context":"https:\/\/schema.org","@graph":[{"@type":"WebPage","@id":"https:\/\/wdssecurity.fr\/?page_id=2612","url":"https:\/\/wdssecurity.fr\/?page_id=2612","name":"Support - WDS Security","isPartOf":{"@id":"https:\/\/wdssecurity.fr\/#website"},"datePublished":"2022-01-30T20:12:36+00:00","dateModified":"2022-02-06T23:26:10+00:00","breadcrumb":{"@id":"https:\/\/wdssecurity.fr\/?page_id=2612#breadcrumb"},"inLanguage":"fr-FR","potentialAction":[{"@type":"ReadAction","target":["https:\/\/wdssecurity.fr\/?page_id=2612"]}]},{"@type":"BreadcrumbList","@id":"https:\/\/wdssecurity.fr\/?page_id=2612#breadcrumb","itemListElement":[{"@type":"ListItem","position":1,"name":"Accueil","item":"https:\/\/wdssecurity.fr\/"},{"@type":"ListItem","position":2,"name":"Support"}]},{"@type":"WebSite","@id":"https:\/\/wdssecurity.fr\/#website","url":"https:\/\/wdssecurity.fr\/","name":"WDS Security","description":"","potentialAction":[{"@type":"SearchAction","target":{"@type":"EntryPoint","urlTemplate":"https:\/\/wdssecurity.fr\/?s={search_term_string}"},"query-input":{"@type":"PropertyValueSpecification","valueRequired":true,"valueName":"search_term_string"}}],"inLanguage":"fr-FR"}]}},"_links":{"self":[{"href":"https:\/\/wdssecurity.fr\/index.php?rest_route=\/wp\/v2\/pages\/2612","targetHints":{"allow":["GET"]}}],"collection":[{"href":"https:\/\/wdssecurity.fr\/index.php?rest_route=\/wp\/v2\/pages"}],"about":[{"href":"https:\/\/wdssecurity.fr\/index.php?rest_route=\/wp\/v2\/types\/page"}],"author":[{"embeddable":true,"href":"https:\/\/wdssecurity.fr\/index.php?rest_route=\/wp\/v2\/users\/1"}],"replies":[{"embeddable":true,"href":"https:\/\/wdssecurity.fr\/index.php?rest_route=%2Fwp%2Fv2%2Fcomments&post=2612"}],"version-history":[{"count":10,"href":"https:\/\/wdssecurity.fr\/index.php?rest_route=\/wp\/v2\/pages\/2612\/revisions"}],"predecessor-version":[{"id":2813,"href":"https:\/\/wdssecurity.fr\/index.php?rest_route=\/wp\/v2\/pages\/2612\/revisions\/2813"}],"wp:attachment":[{"href":"https:\/\/wdssecurity.fr\/index.php?rest_route=%2Fwp%2Fv2%2Fmedia&parent=2612"}],"curies":[{"name":"wp","href":"https:\/\/api.w.org\/{rel}","templated":true}]}}